{"id":11,"date":"2022-08-08T13:14:57","date_gmt":"2022-08-08T11:14:57","guid":{"rendered":"https:\/\/nuevasideas.es\/?page_id=11"},"modified":"2022-08-10T12:39:16","modified_gmt":"2022-08-10T10:39:16","slug":"inicio","status":"publish","type":"page","link":"https:\/\/nuevasideas.es\/","title":{"rendered":"Inicio"},"content":{"rendered":"<p>[vc_row section_id=\u00bbacerca\u00bb section_title=\u00bbAcerca de\u00bb margin_bottom=\u00bb40px\u00bb][vc_column width=\u00bb1\/3&#8243;]<div class=\"grve-element grve-image grve-align-center\" style=\"\"><img width=\"1200\" height=\"750\" src=\"https:\/\/nuevasideas.es\/wp-content\/uploads\/2022\/08\/big_crop_kitdigital.png\" class=\"attachment-full size-full\" alt=\"\" loading=\"lazy\" srcset=\"https:\/\/nuevasideas.es\/wp-content\/uploads\/2022\/08\/big_crop_kitdigital.png 1x,https:\/\/nuevasideas.es\/wp-content\/uploads\/2022\/08\/big_crop_kitdigital.png 2x\" \/><\/div><blockquote class=\"grve-element\" style=\"\"><p>Es el momento de digitalizar tu empresa<\/p><\/blockquote>[vc_column_text]Somos agente digitalizador autorizado para que puedas solicitar tu <strong>KIT DIGITAL<\/strong>, del programa \u201cNext Generation EU\u201d dentro del Plan de Recuperaci\u00f3n Transformaci\u00f3n y Resiliencia. Un programa destinado a impulsar el potencial de multitud de pymes y aut\u00f3nomos mediante su modernizaci\u00f3n y renovaci\u00f3n en herramientas y medios digitales.[\/vc_column_text][\/vc_column][vc_column width=\u00bb1\/3&#8243;]<div class=\"grve-element grve-image grve-full-image grve-align-center\" style=\"\"><img width=\"777\" height=\"1014\" src=\"https:\/\/nuevasideas.es\/wp-content\/uploads\/2022\/08\/Mi-empre.png\" class=\"attachment-full size-full\" alt=\"mockup\" loading=\"lazy\" srcset=\"https:\/\/nuevasideas.es\/wp-content\/uploads\/2022\/08\/Mi-empre.png 1x,https:\/\/nuevasideas.es\/wp-content\/uploads\/2022\/08\/Mi-empre.png 2x\" \/><\/div><div class=\"grve-element grve-hr grve-space-divider\" style=\"\"><\/div>[\/vc_column][vc_column width=\u00bb1\/3&#8243;]<div class=\"grve-element grve-hr grve-space-divider\" style=\"\"><\/div><div class=\"grve-element grve-box-icon grve-align-left\" style=\"\">  <div class=\"grve-icon grve-medium grve-outline grve-no-shape grve-color-primary-1 fa fa-arrow-circle-o-right\"><\/div>  <div class=\"grve-box-content\"><h5 class=\"grve-box-title\"><span>Prepara tu presencia en internet<\/span><\/h5>    <p class=\"\">Haz que tu empresa sea visible en internet, tanto desde m\u00f3viles como desde ordenadores<\/p>  <\/div><\/div><div class=\"grve-element grve-box-icon grve-align-left\" style=\"\">  <div class=\"grve-icon grve-medium grve-outline grve-no-shape grve-color-primary-1 fa fa-arrow-circle-o-right\"><\/div>  <div class=\"grve-box-content\"><h5 class=\"grve-box-title\"><span>Vende tus productos<\/span><\/h5>    <p class=\"\">Aumenta tu canal de ventas mediante el uso del e-commerce en tu negocio<\/p>  <\/div><\/div><div class=\"grve-element grve-box-icon grve-align-left\" style=\"\">  <div class=\"grve-icon grve-medium grve-simple grve-no-shape grve-color-primary-1 fa fa-arrow-circle-o-right\"><\/div>  <div class=\"grve-box-content\"><h5 class=\"grve-box-title\"><span>Digitaliza tu relaci\u00f3n con los clientes<\/span><\/h5>    <p class=\"\">Desarrollamos sistemas a tu medida para digitalizar tu relaci\u00f3n con clientes, facturas, ventas, etc.<\/p>  <\/div><\/div>[\/vc_column][\/vc_row][vc_row][vc_column]<div class=\"grve-element grve-callout grve-btn-right\" style=\"\">  <div class=\"grve-callout-wrapper\"><h5 class=\"grve-callout-content\"><span>M\u00e1s informaci\u00f3n<\/span><\/h5>    <p class=\"grve-leader-text\">Si tienes dudas y necesitas m\u00e1s informaci\u00f3n, contacta con nosotros a trav\u00e9s del formulario<\/p>  <\/div>  <div class=\"grve-button-wrapper\"><a class=\"grve-btn grve-btn-large grve-square grve-bg-primary-1\" href=\"#contacto\" target=\"_self\" style=\"\"><span>Contactar<\/span><\/a>  <\/div><\/div>[\/vc_column][\/vc_row][vc_row heading_color=\u00bblight\u00bb bg_type=\u00bbimage\u00bb bg_image=\u00bb55&#8243; bg_image_type=\u00bbparallax\u00bb pattern_overlay=\u00bbyes\u00bb color_overlay=\u00bbdark\u00bb opacity_overlay=\u00bb60&#8243; padding_top=\u00bb80px\u00bb padding_bottom=\u00bb80px\u00bb][vc_column]<div class=\"grve-element grve-slogan grve-align-center\" style=\"\"><h1 class=\"grve-slogan-title grve-align-center grve-title-double-line\"><span>Digitalizaci\u00f3n de tu negocio<\/span><\/h1>  <p class=\"grve-leader-text\">La digitalizaci\u00f3n de tu negocio en internet te permite alcanzar nuevos clientes y modernizar tus procesos de venta<\/p><\/div>[\/vc_column][\/vc_row][vc_row section_id=\u00bbservicios\u00bb section_title=\u00bbServicios\u00bb margin_bottom=\u00bb80px\u00bb][vc_column]<h1 class=\"grve-element grve-align-center grve-title-line grve-h1\" style=\"\"><span>Servicios<\/span><\/h1><div class=\"grve-element grve-slogan grve-align-center\" style=\"\">  <p class=\"grve-leader-text\">Servicios que ofrecemos dentro de las l\u00edneas del Kit Digital<\/p><\/div>[vc_row_inner][vc_column_inner width=\u00bb1\/3&#8243;]<div class=\"grve-element grve-box grve-align-center\" style=\"\"><div class=\"grve-media\"><img width=\"750\" height=\"450\" src=\"https:\/\/nuevasideas.es\/wp-content\/uploads\/2022\/08\/Diseno-sin-titulo.jpg\" class=\"attachment-full size-full\" alt=\"pagina web\" loading=\"lazy\" srcset=\"https:\/\/nuevasideas.es\/wp-content\/uploads\/2022\/08\/Diseno-sin-titulo.jpg 1x,https:\/\/nuevasideas.es\/wp-content\/uploads\/2022\/08\/Diseno-sin-titulo.jpg 2x\" \/><\/div>  <div class=\"grve-box-content\"><h5 class=\"grve-box-title\"><span>Presencia en internet<\/span><\/h5>    <p>Desarrollamos tu p\u00e1gina web presencial para que tu negocio llegue a m\u00e1s gente<\/p>  <\/div><\/div>[\/vc_column_inner][vc_column_inner width=\u00bb1\/3&#8243;]<div class=\"grve-element grve-box grve-align-center\" style=\"\"><div class=\"grve-media\"><img width=\"750\" height=\"450\" src=\"https:\/\/nuevasideas.es\/wp-content\/uploads\/2022\/08\/ecommerce.jpg\" class=\"attachment-full size-full\" alt=\"ecommerce\" loading=\"lazy\" srcset=\"https:\/\/nuevasideas.es\/wp-content\/uploads\/2022\/08\/ecommerce.jpg 1x,https:\/\/nuevasideas.es\/wp-content\/uploads\/2022\/08\/ecommerce.jpg 2x\" \/><\/div>  <div class=\"grve-box-content\"><h5 class=\"grve-box-title\"><span>E-Commerce<\/span><\/h5>    <p>Vende tus productos o servicios a trav\u00e9s de tu propia plataforma de comercio electr\u00f3nico<\/p>  <\/div><\/div>[\/vc_column_inner][vc_column_inner width=\u00bb1\/3&#8243;]<div class=\"grve-element grve-box grve-align-center\" style=\"\"><div class=\"grve-media\"><img width=\"750\" height=\"450\" src=\"https:\/\/nuevasideas.es\/wp-content\/uploads\/2022\/08\/crn.jpg\" class=\"attachment-full size-full\" alt=\"CRM\" loading=\"lazy\" srcset=\"https:\/\/nuevasideas.es\/wp-content\/uploads\/2022\/08\/crn.jpg 1x,https:\/\/nuevasideas.es\/wp-content\/uploads\/2022\/08\/crn.jpg 2x\" \/><\/div>  <div class=\"grve-box-content\"><h5 class=\"grve-box-title\"><span>Gesti\u00f3n de clientes<\/span><\/h5>    <p>Mejora tus procesos comerciales y de gesti\u00f3n con clientes mediante la implementaci\u00f3n de soluciones CRM<\/p>  <\/div><\/div>[\/vc_column_inner][\/vc_row_inner][\/vc_column][\/vc_row][vc_row][vc_column]<div class=\"grve-element grve-hr grve-dashed-line-divider\" style=\"\"><\/div><div class=\"grve-element grve-image grve-full-image grve-align-center\" style=\"margin-bottom: 40px;\"><img width=\"1024\" height=\"119\" src=\"https:\/\/nuevasideas.es\/wp-content\/uploads\/2022\/08\/Logo-digitalizadores-1024x119-1.png\" class=\"attachment-full size-full\" alt=\"\" loading=\"lazy\" srcset=\"https:\/\/nuevasideas.es\/wp-content\/uploads\/2022\/08\/Logo-digitalizadores-1024x119-1.png 1x,https:\/\/nuevasideas.es\/wp-content\/uploads\/2022\/08\/Logo-digitalizadores-1024x119-1.png 2x\" \/><\/div><div class=\"grve-element grve-hr grve-dashed-line-divider\" style=\"padding-top: 40px;\"><\/div>[\/vc_column][\/vc_row][vc_row section_id=\u00bbkit\u00bb section_title=\u00bbKit Digital\u00bb][vc_column]<h1 class=\"grve-element grve-align-center grve-title-line grve-h1\" style=\"\"><span>Acerca del Kit Digital<\/span><\/h1><div class=\"grve-element grve-slogan grve-align-center\" style=\"\">  <p class=\"grve-leader-text\">El Kit Digital es una iniciativa del Gobierno de Espa\u00f1a, que tiene como objetivo subvencionar la implantaci\u00f3n de soluciones digitales disponibles en el mercado para conseguir un avance significativo en el nivel de madurez digital.<\/p><\/div>[\/vc_column][\/vc_row][vc_row margin_bottom=\u00bb40px\u00bb][vc_column width=\u00bb1\/3&#8243;]<div class=\"grve-element grve-video\" style=\"\"><iframe title=\"A qui\u00e9n va dirigido el Kit Digital\" width=\"1080\" height=\"608\" src=\"https:\/\/www.youtube.com\/embed\/lPR-pA5zPMg?start=40&feature=oembed\" frameborder=\"0\" allow=\"accelerometer; autoplay; clipboard-write; encrypted-media; gyroscope; picture-in-picture\" allowfullscreen><\/iframe><\/div>[vc_column_text]<\/p>\n<h3 style=\"text-align: center;\"><strong>\u00bfA qui\u00e9n va dirigido?<\/strong><\/h3>\n<p style=\"text-align: center;\">Las soluciones digitales que proporciona el Kit Digital est\u00e1n orientadas a las necesidades de las peque\u00f1as empresas, microempresas y trabajadores aut\u00f3nomos, que pertenezcan a cualquier sector o tipolog\u00eda de negocio.<\/p>\n<p>[\/vc_column_text][\/vc_column][vc_column width=\u00bb1\/3&#8243;]<div class=\"grve-element grve-video\" style=\"\"><iframe title=\"\u00bfC\u00f3mo se consigue el Kit Digital?\" width=\"1080\" height=\"608\" src=\"https:\/\/www.youtube.com\/embed\/LbkzY4PzoZg?feature=oembed\" frameborder=\"0\" allow=\"accelerometer; autoplay; clipboard-write; encrypted-media; gyroscope; picture-in-picture\" allowfullscreen><\/iframe><\/div>[vc_column_text]<\/p>\n<h3 style=\"text-align: center;\"><strong>\u00bfC\u00f3mo conseguir el bono digital?<\/strong><\/h3>\n<p style=\"text-align: center;\">Si cumples con las condiciones establecidas en las bases de la convocatoria de la ayuda del Kit Digital, podr\u00e1s disponer de un bono digital que te permitir\u00e1 acceder a las soluciones de digitalizaci\u00f3n.<\/p>\n<p>[\/vc_column_text][\/vc_column][vc_column width=\u00bb1\/3&#8243;]<div class=\"grve-element grve-video\" style=\"\"><iframe title=\"\u00bfC\u00f3mo gestionar el bono digital?\" width=\"1080\" height=\"608\" src=\"https:\/\/www.youtube.com\/embed\/T9VFPylJh84?feature=oembed\" frameborder=\"0\" allow=\"accelerometer; autoplay; clipboard-write; encrypted-media; gyroscope; picture-in-picture\" allowfullscreen><\/iframe><\/div>[vc_column_text]<\/p>\n<h3 style=\"text-align: center;\"><strong>\u00bfC\u00f3mo gestionar el bono digital?<\/strong><\/h3>\n<p style=\"text-align: center;\">Una vez confirmada la concesi\u00f3n del bono digital, podr\u00e1s emplearlo escogiendo una o varias soluciones de digitalizaci\u00f3n ofrecidas por los Agentes Digitalizadores autorizados para desarrollar los servicios del cat\u00e1logo.<\/p>\n<p>[\/vc_column_text][\/vc_column][\/vc_row][vc_row margin_bottom=\u00bb40px\u00bb][vc_column]<div class=\"grve-element grve-hr grve-space-divider\" style=\"\"><\/div><div class=\"grve-element grve-callout grve-btn-right\" style=\"\">  <div class=\"grve-callout-wrapper\"><h5 class=\"grve-callout-content\"><span>M\u00e1s informaci\u00f3n sobre el Kit Digital<\/span><\/h5>    <p class=\"grve-leader-text\">Accede a la p\u00e1gina web oficial del Kit Digital para obtener m\u00e1s informaci\u00f3n<\/p>  <\/div>  <div class=\"grve-button-wrapper\"><a class=\"grve-btn grve-btn-large grve-square grve-bg-primary-1\" href=\"https:\/\/www.acelerapyme.gob.es\/kit-digital\" target=\"_blank\" style=\"\"><span>Acceder al Kit Digital<\/span><\/a>  <\/div><\/div>[\/vc_column][\/vc_row][vc_row heading_color=\u00bblight\u00bb bg_type=\u00bbimage\u00bb bg_image=\u00bb86&#8243; bg_image_type=\u00bbparallax\u00bb pattern_overlay=\u00bbyes\u00bb color_overlay=\u00bbdark\u00bb opacity_overlay=\u00bb60&#8243; padding_top=\u00bb80px\u00bb padding_bottom=\u00bb80px\u00bb][vc_column]<div class=\"grve-element grve-slogan grve-align-center\" style=\"\"><h1 class=\"grve-slogan-title grve-align-center grve-title-double-line\"><span>Relaci\u00f3n con clientes<\/span><\/h1>  <p class=\"grve-leader-text\">Mejora tus procesos empresariales a trav\u00e9s de un CRM, te lo desarrollamos a medida. Te ofrecemos m\u00e1s de 15 a\u00f1os de experiencia en el desarrollo a medida<\/p><\/div>[\/vc_column][\/vc_row][vc_row section_id=\u00bbprecios\u00bb section_title=\u00bbPrecios\u00bb][vc_column]<h1 class=\"grve-element grve-align-center grve-title-line grve-h1\" style=\"\"><span>Precios<\/span><\/h1><div class=\"grve-element grve-slogan grve-align-center\" style=\"\">  <p class=\"grve-leader-text\">Precio de las diferentes l\u00edneas de ayudas para el Kit Digital<\/p><\/div><div class=\"grve-element grve-image-text\" style=\"\"><div class=\"grve-image\"><img width=\"750\" height=\"450\" src=\"https:\/\/nuevasideas.es\/wp-content\/uploads\/2022\/08\/Diseno-sin-titulo.jpg\" class=\"attachment-full size-full\" alt=\"pagina web\" loading=\"lazy\" srcset=\"https:\/\/nuevasideas.es\/wp-content\/uploads\/2022\/08\/Diseno-sin-titulo.jpg 1x,https:\/\/nuevasideas.es\/wp-content\/uploads\/2022\/08\/Diseno-sin-titulo.jpg 2x\" \/><\/div>  <div class=\"grve-content grve-align-left\">    <h4>Presencia en internet (hasta 2.000\u20ac)<\/h4>  <p>Desarrollamos tu p\u00e1gina web presencial para tu negocio. En funci\u00f3n del n\u00famero de secciones y contenido a incluir se fijar\u00e1 el precio final con un m\u00e1ximo de 2.000 \u20ac. Usamos la plataforma WordPress para la realizaci\u00f3n de tu web presencial lo que te permitir\u00e1 mantenerla de forma f\u00e1cil.<\/p>  <\/div><\/div><div class=\"grve-element grve-image-text\" style=\"\"><div class=\"grve-image\"><img width=\"750\" height=\"450\" src=\"https:\/\/nuevasideas.es\/wp-content\/uploads\/2022\/08\/ecommerce.jpg\" class=\"attachment-full size-full\" alt=\"ecommerce\" loading=\"lazy\" srcset=\"https:\/\/nuevasideas.es\/wp-content\/uploads\/2022\/08\/ecommerce.jpg 1x,https:\/\/nuevasideas.es\/wp-content\/uploads\/2022\/08\/ecommerce.jpg 2x\" \/><\/div>  <div class=\"grve-content grve-align-left\">    <h4>Ecommerce (hasta 2.000\u20ac)<\/h4>  <p>Implantamos tu soluci\u00f3n de comercio electr\u00f3nico para que puedas abrir tu canal de ventas por internet y llegar a m\u00e1s clientes. Usamos la plataforma Woocommerce que te ofrece una soluci\u00f3n 100% testeada y con m\u00faltiples posibilidades de personalizaci\u00f3n.<\/p>  <\/div><\/div><div class=\"grve-element grve-image-text\" style=\"\"><div class=\"grve-image\"><img width=\"750\" height=\"450\" src=\"https:\/\/nuevasideas.es\/wp-content\/uploads\/2022\/08\/crn.jpg\" class=\"attachment-full size-full\" alt=\"CRM\" loading=\"lazy\" srcset=\"https:\/\/nuevasideas.es\/wp-content\/uploads\/2022\/08\/crn.jpg 1x,https:\/\/nuevasideas.es\/wp-content\/uploads\/2022\/08\/crn.jpg 2x\" \/><\/div>  <div class=\"grve-content grve-align-left\">    <h4>Gesti\u00f3n de clientes (hasta 4.000\u20ac)<\/h4>  <p>Desarrollamos tu propia plataforma de relaci\u00f3n con clientes para que puedas mejorar tus procesos de negocio. Para ello aplicamos nuestra experiencia como desarrolladores y te ofrecemos nuestros propios desarrollos a medida.<\/p>  <\/div><\/div>[\/vc_column][\/vc_row][vc_row section_id=\u00bbcontacto\u00bb section_title=\u00bbContacto\u00bb][vc_column]<h1 class=\"grve-element grve-align-center grve-title-line grve-h1\" style=\"\"><span>Contacto<\/span><\/h1><div class=\"grve-element grve-slogan grve-align-center\" style=\"\">  <p class=\"grve-leader-text\">Utiliza el formulario de contacto para cualquier duda que tengas<\/p><\/div>[\/vc_column][\/vc_row][vc_row][vc_column width=\u00bb1\/2&#8243;]<div class=\"grve-element grve-image grve-align-center\" style=\"\"><img width=\"1965\" height=\"529\" src=\"https:\/\/nuevasideas.es\/wp-content\/uploads\/2022\/08\/Nuevas-ideas.png\" class=\"attachment-full size-full\" alt=\"\" loading=\"lazy\" srcset=\"https:\/\/nuevasideas.es\/wp-content\/uploads\/2022\/08\/Nuevas-ideas.png 1x,https:\/\/nuevasideas.es\/wp-content\/uploads\/2022\/08\/Nuevas-ideas.png 2x\" \/><\/div>[vc_column_text]<\/p>\n<h5 style=\"text-align: center;\">Plaza de la Constituci\u00f3n, 3 Bajo<\/h5>\n<h5 style=\"text-align: center;\">23680 Alcal\u00e1 la Real (Ja\u00e9n)<\/h5>\n<h5 style=\"text-align: center;\">info@nuevasideas.es<\/h5>\n<p>[\/vc_column_text][vc_raw_html]JTNDaWZyYW1lJTIwc3JjJTNEJTIyaHR0cHMlM0ElMkYlMkZ3d3cuZ29vZ2xlLmNvbSUyRm1hcHMlMkZlbWJlZCUzRnBiJTNEJTIxMW0xOCUyMTFtMTIlMjExbTMlMjExZDE1ODMuNTQxNTI5NTQ1MTQ2JTIxMmQtMy45MjIyMjE4NTczMzg0NCUyMTNkMzcuNDU4NzYwNzgzMzIwODclMjEybTMlMjExZjAlMjEyZjAlMjEzZjAlMjEzbTIlMjExaTEwMjQlMjEyaTc2OCUyMTRmMTMuMSUyMTNtMyUyMTFtMiUyMTFzMHhkNmRlZjZlN2FjOGUwN2YlMjUzQTB4Nzc3YmZlMjNiYzU5ZDFkNiUyMTJ6VUd3dUlFTnZibk4wYVhSMVkybkRzMjRzSURNc0lESXpOamd3SUVGc1kyRnN3NkVnYkdFZ1VtVmhiQ3dnU21IRHFXNCUyMTVlMCUyMTNtMiUyMTFzZXMlMjEyc2VzJTIxNHYxNjYwMTI3NTI4Njc0JTIxNW0yJTIxMXNlcyUyMTJzZXMlMjIlMjB3aWR0aCUzRCUyMjEwMCUyNSUyMiUyMGhlaWdodCUzRCUyMjMwMCUyMiUyMHN0eWxlJTNEJTIyYm9yZGVyJTNBMCUzQiUyMiUyMGFsbG93ZnVsbHNjcmVlbiUzRCUyMiUyMiUyMGxvYWRpbmclM0QlMjJsYXp5JTIyJTIwcmVmZXJyZXJwb2xpY3klM0QlMjJuby1yZWZlcnJlci13aGVuLWRvd25ncmFkZSUyMiUzRSUzQyUyRmlmcmFtZSUzRQ==[\/vc_raw_html][\/vc_column][vc_column width=\u00bb1\/2&#8243;]<div role=\"form\" class=\"wpcf7\" id=\"wpcf7-f5-o1\" lang=\"es-ES\" dir=\"ltr\">\n<div class=\"screen-reader-response\"><p role=\"status\" aria-live=\"polite\" aria-atomic=\"true\"><\/p> <ul><\/ul><\/div>\n<form action=\"\/index.php\/wp-json\/wp\/v2\/pages\/11#wpcf7-f5-o1\" method=\"post\" class=\"wpcf7-form init\" novalidate=\"novalidate\" data-status=\"init\">\n<div style=\"display: none;\">\n<input type=\"hidden\" name=\"_wpcf7\" value=\"5\" \/>\n<input type=\"hidden\" name=\"_wpcf7_version\" value=\"5.6.2\" \/>\n<input type=\"hidden\" name=\"_wpcf7_locale\" value=\"es_ES\" \/>\n<input type=\"hidden\" name=\"_wpcf7_unit_tag\" value=\"wpcf7-f5-o1\" \/>\n<input type=\"hidden\" name=\"_wpcf7_container_post\" value=\"0\" \/>\n<input type=\"hidden\" name=\"_wpcf7_posted_data_hash\" value=\"\" \/>\n<\/div>\n<p><label> Tu nombre<br \/>\n    <span class=\"wpcf7-form-control-wrap\" data-name=\"your-name\"><input type=\"text\" name=\"your-name\" value=\"\" size=\"40\" class=\"wpcf7-form-control wpcf7-text wpcf7-validates-as-required\" aria-required=\"true\" aria-invalid=\"false\" \/><\/span> <\/label><\/p>\n<p><label> Tu correo<br \/>\n    <span class=\"wpcf7-form-control-wrap\" data-name=\"your-email\"><input type=\"email\" name=\"your-email\" value=\"\" size=\"40\" class=\"wpcf7-form-control wpcf7-text wpcf7-email wpcf7-validates-as-required wpcf7-validates-as-email\" aria-required=\"true\" aria-invalid=\"false\" \/><\/span> <\/label><\/p>\n<p><label> Mensaje<br \/>\n    <span class=\"wpcf7-form-control-wrap\" data-name=\"your-message\"><textarea name=\"your-message\" cols=\"40\" rows=\"10\" class=\"wpcf7-form-control wpcf7-textarea\" aria-invalid=\"false\"><\/textarea><\/span> <\/label><\/p>\n<p><input type=\"submit\" value=\"Enviar\" class=\"wpcf7-form-control has-spinner wpcf7-submit\" \/><\/p>\n<p style=\"display: none !important;\"><label>&#916;<textarea name=\"_wpcf7_ak_hp_textarea\" cols=\"45\" rows=\"8\" maxlength=\"100\"><\/textarea><\/label><input type=\"hidden\" id=\"ak_js_1\" name=\"_wpcf7_ak_js\" value=\"136\"\/><script>document.getElementById( \"ak_js_1\" ).setAttribute( \"value\", ( new Date() ).getTime() );<\/script><\/p><div class=\"wpcf7-response-output\" aria-hidden=\"true\"><\/div><\/form><\/div>[\/vc_column][\/vc_row]<\/p>\n","protected":false},"excerpt":{"rendered":"<p>[vc_row section_id=\u00bbacerca\u00bb section_title=\u00bbAcerca de\u00bb margin_bottom=\u00bb40px\u00bb][vc_column width=\u00bb1\/3&#8243;][vc_column_text]Somos agente digitalizador autorizado para que puedas solicitar tu KIT DIGITAL, del programa \u201cNext Generation EU\u201d dentro del Plan de Recuperaci\u00f3n Transformaci\u00f3n y Resiliencia. Un programa destinado a impulsar el potencial de multitud de pymes y aut\u00f3nomos mediante su modernizaci\u00f3n y renovaci\u00f3n en herramientas y medios digitales.[\/vc_column_text][\/vc_column][vc_column width=\u00bb1\/3&#8243;][\/vc_column][vc_column width=\u00bb1\/3&#8243;][\/vc_column][\/vc_row][vc_row][vc_column][\/vc_column][\/vc_row][vc_row heading_color=\u00bblight\u00bb [&hellip;]<\/p>\n","protected":false},"author":1,"featured_media":0,"parent":0,"menu_order":0,"comment_status":"closed","ping_status":"closed","template":"","meta":[],"_links":{"self":[{"href":"https:\/\/nuevasideas.es\/index.php\/wp-json\/wp\/v2\/pages\/11"}],"collection":[{"href":"https:\/\/nuevasideas.es\/index.php\/wp-json\/wp\/v2\/pages"}],"about":[{"href":"https:\/\/nuevasideas.es\/index.php\/wp-json\/wp\/v2\/types\/page"}],"author":[{"embeddable":true,"href":"https:\/\/nuevasideas.es\/index.php\/wp-json\/wp\/v2\/users\/1"}],"replies":[{"embeddable":true,"href":"https:\/\/nuevasideas.es\/index.php\/wp-json\/wp\/v2\/comments?post=11"}],"version-history":[{"count":70,"href":"https:\/\/nuevasideas.es\/index.php\/wp-json\/wp\/v2\/pages\/11\/revisions"}],"predecessor-version":[{"id":25,"href":"https:\/\/nuevasideas.es\/index.php\/wp-json\/wp\/v2\/pages\/11\/revisions\/25"}],"wp:attachment":[{"href":"https:\/\/nuevasideas.es\/index.php\/wp-json\/wp\/v2\/media?parent=11"}],"curies":[{"name":"wp","href":"https:\/\/api.w.org\/{rel}","templated":true}]}}